{"id":5919,"date":"2020-06-08T22:49:02","date_gmt":"2020-06-09T01:49:02","guid":{"rendered":"http:\/\/www.colegiohsa.cl\/?page_id=5919"},"modified":"2025-08-29T14:29:06","modified_gmt":"2025-08-29T18:29:06","slug":"reglamento-de-evaluacion-calificacion-y-promocion","status":"publish","type":"page","link":"https:\/\/www.colegiohsa.cl\/?page_id=5919","title":{"rendered":"Reglamento de Evaluaci\u00f3n, Calificaci\u00f3n y Promoci\u00f3n"},"content":{"rendered":"<p><\/p>\n<p><a href=\"https:\/\/www.colegiohsa.cl\/wp-content\/uploads\/ULTIMO-REGLAMENTO-DE-PRACTICA-2018-V6-1.pdf\">Reglamento de Pr\u00e1ctica&nbsp; 2018<\/a><\/p>\n\n\n<div class=\"wp-block-file\"><a id=\"wp-block-file--media-fca69f03-51d1-4c93-b412-6b065e6c33da\" href=\"https:\/\/www.colegiohsa.cl\/wp-content\/uploads\/Reglamento-Practica-Profesional-y-Titulacion-2020-2022.pdf\" target=\"_blank\" rel=\"noreferrer noopener\">Reglamento-Practica-Profesional-y-Titulacion-2020-2024<\/a><\/div>\n\n\n\n<div class=\"wp-block-file\"><a id=\"wp-block-file--media-ca3453eb-05e1-4494-95f0-e1ea80eba108\" href=\"https:\/\/www.colegiohsa.cl\/wp-content\/uploads\/Reglamento-de-EvaluacionCalificacion-y-Promocion-2025-1-4.pdf\">Reglamento-de-EvaluacionCalificacion-y-Promocion-2025<\/a><\/div>\n\n\n\n<p><\/p>\n","protected":false},"excerpt":{"rendered":"<p>Reglamento de Pr\u00e1ctica&nbsp; 2018<\/p>\n","protected":false},"author":7,"featured_media":0,"parent":0,"menu_order":0,"comment_status":"closed","ping_status":"closed","template":"","meta":{"spay_email":""},"_links":{"self":[{"href":"https:\/\/www.colegiohsa.cl\/index.php?rest_route=\/wp\/v2\/pages\/5919"}],"collection":[{"href":"https:\/\/www.colegiohsa.cl\/index.php?rest_route=\/wp\/v2\/pages"}],"about":[{"href":"https:\/\/www.colegiohsa.cl\/index.php?rest_route=\/wp\/v2\/types\/page"}],"author":[{"embeddable":true,"href":"https:\/\/www.colegiohsa.cl\/index.php?rest_route=\/wp\/v2\/users\/7"}],"replies":[{"embeddable":true,"href":"https:\/\/www.colegiohsa.cl\/index.php?rest_route=%2Fwp%2Fv2%2Fcomments&post=5919"}],"version-history":[{"count":30,"href":"https:\/\/www.colegiohsa.cl\/index.php?rest_route=\/wp\/v2\/pages\/5919\/revisions"}],"predecessor-version":[{"id":14318,"href":"https:\/\/www.colegiohsa.cl\/index.php?rest_route=\/wp\/v2\/pages\/5919\/revisions\/14318"}],"wp:attachment":[{"href":"https:\/\/www.colegiohsa.cl\/index.php?rest_route=%2Fwp%2Fv2%2Fmedia&parent=5919"}],"curies":[{"name":"wp","href":"https:\/\/api.w.org\/{rel}","templated":true}]}}