{"id":2563,"date":"2015-01-19T21:50:34","date_gmt":"2015-01-20T01:50:34","guid":{"rendered":"http:\/\/colegiohsa.cl\/?page_id=2563"},"modified":"2021-07-15T11:26:08","modified_gmt":"2021-07-15T15:26:08","slug":"resena-historica","status":"publish","type":"page","link":"https:\/\/www.colegiohsa.cl\/?page_id=2563","title":{"rendered":"Rese\u00f1a Hist\u00f3rica"},"content":{"rendered":"<p style=\"text-align: justify;\">Una historia que deja huellas\u2026<\/p>\n<p style=\"text-align: justify;\">Toda gloria proviene de atreverse a comenzar, porque un viaje de mil millas, comienza con un solo paso\u2026<\/p>\n<p style=\"text-align: justify;\">En el a\u00f1o 1911 nuestro colegio dio ese primer paso, cuando fue fundada la escuela \u201cNuestra Se\u00f1ora de Lourdes\u201d por la Congregaci\u00f3n de los Agustinos de la Asunci\u00f3n\u201d due\u00f1os y sostenedores del Establecimiento.<\/p>\n<p style=\"text-align: justify;\">Desde sus inicios, la misi\u00f3n ha sido anunciar los valores del Evangelio a trav\u00e9s de la formaci\u00f3n de ni\u00f1as y j\u00f3venes. Es as\u00ed como en 1923 se da un nuevo y gran paso, cuando llegan a Santiago las religiosas de la congregaci\u00f3n \u201cHijas de Santa Ana\u201d, con el objetivo de formar una Comunidad para servir a Dios en los m\u00e1s necesitados y vulnerables.<\/p>\n<p style=\"text-align: justify;\">Un a\u00f1o m\u00e1s tarde este anhelo se hac\u00eda realidad cuando en 1924 asumen oficialmente las hermanas la conducci\u00f3n del Colegio. En un comienzo las Educadoras eran s\u00f3lo religiosas quienes asist\u00edan a las alumnas con un coraz\u00f3n materno promoviendo la fe y el desarrollo personal. En esos a\u00f1os hab\u00eda solo cuatro cursos de Primero a Cuarto de Preparatoria, junto a ellos, una Escuela Vocacional para las j\u00f3venes entre 14 y 16 a\u00f1os, que recib\u00edan capacitaci\u00f3n en oficios tales como: costura, lencer\u00eda, cosmetolog\u00eda, bordado, alimentaci\u00f3n y peluquer\u00eda.<\/p>\n<p style=\"text-align: justify;\">Ya en el a\u00f1o 1925 se obtuvo un gran logro, se complet\u00f3 la Ense\u00f1anza B\u00e1sica que contaba con seis cursos de Primero a Sexto de Preparatoria, dando cumplimiento a la Normativa Gubernamental de ese tiempo, que ya establec\u00eda la instrucci\u00f3n primaria obligatoria.<\/p>\n<p style=\"text-align: justify;\">Transcurrido el tiempo, espec\u00edficamente en el a\u00f1o 1963 se fund\u00f3 el Kindergarten \u201cSanta Bernardita\u201d, obra impulsada por el Reverendo Padre Olivier D\u2019Argouges, Superior de los Padres Asuncionistas y dirigida por una religiosa, quien, junto a otras hermanas de la comunidad, daban comienzo a un hermoso servicio a los m\u00e1s peque\u00f1itos, bajo el amparo de la Virgen de Lourdes.<\/p>\n<p style=\"text-align: justify;\">En el mundo se realizan grandes cambios y transformaciones en la educaci\u00f3n que tambi\u00e9n repercuten en chile. Se da inicio a una nueva modalidad de Ense\u00f1anza Media, que se llamar\u00e1 Educaci\u00f3n T\u00e9cnico Profesional y que tendr\u00e1 como objetivo, relacionar la Educaci\u00f3n con el mundo del trabajo. Por esta raz\u00f3n se hac\u00eda necesario responder adecuadamente a estos desaf\u00edos, ofreciendo a las j\u00f3venes los conocimientos y herramientas necesarias para enfrentar las nuevas exigencias del tiempo.<\/p>\n<p style=\"text-align: justify;\">Debido a este nuevo escenario de la educaci\u00f3n en chile, las hermanas en el a\u00f1o 1964, reciben del Ministerio de Educaci\u00f3n el Decreto Cooperador de la Funci\u00f3n Educacional del Estado, y desde ese momento se impulsa la Educaci\u00f3n T\u00e9cnico Profesional con las Especialidades de T\u00e9cnico en Bienestar Social y T\u00e9cnico en Atenci\u00f3n Parvularia.<\/p>\n<p style=\"text-align: justify;\">El d\u00eda 7 de enero de 1988 los Padres Asuncionistas considerando la significativa misi\u00f3n educativa que por tantos a\u00f1os hab\u00edan realizado las hermanas, acceden a venderles la propiedad quedando ellas como due\u00f1as y sostenedoras del colegio, siendo en ese tiempo la superiora provincial Sor Ana Luisa Querzoli Z.<\/p>\n<p style=\"text-align: justify;\">El colegio acogiendo las nuevas normativas y directrices del ministerio de Educaci\u00f3n se incorpora en el a\u00f1o 2010 a la, Jornada Escolar Completa, nominando los diversos niveles; Pre Escolar, B\u00e1sica y Media, bajo un solo nombre institucional, \u201cColegio Polit\u00e9cnico Santa Ana\u201d, esta incorporaci\u00f3n a la jornada escolar completa (JEC) la que se desarrollar\u00e1 por etapas, completando hasta el a\u00f1o 2019 el 80% de todos los niveles del Establecimiento.<\/p>\n<p style=\"text-align: justify;\">Acogiendo las nuevas normativas del ministerio en el a\u00f1o 2001 se actualizaron las especialidades de Administraci\u00f3n y Atenci\u00f3n de P\u00e1rvulos, lo que permiti\u00f3 fortalecer y potenciar una preparaci\u00f3n m\u00e1s integral, actualizada y profesional de nuestras estudiantes, favoreciendo su inserci\u00f3n laboral y o continuidad de estudios superiores.<\/p>\n<p style=\"text-align: justify;\">Hoy\u2026a la luz del Evangelio, bajo el amparo de Santa Ana e inspiradas en el ideal de sociedad, que so\u00f1\u00f3 Madre Rosa Gattorno, fundadora de la Congregaci\u00f3n, seguimos avanzando, dejando huellas, llevando en nuestro coraz\u00f3n el deseo y el compromiso de formar mujeres de fe y esperanza, mujeres constructoras de un mundo m\u00e1s solidario y fraterno<\/p>\n","protected":false},"excerpt":{"rendered":"<p>Una historia que deja huellas\u2026 Toda gloria proviene de atreverse a comenzar, porque un viaje de mil millas, comienza con un solo paso\u2026 En el a\u00f1o 1911 nuestro colegio dio ese primer paso, cuando fue fundada la escuela \u201cNuestra Se\u00f1ora de Lourdes\u201d por la Congregaci\u00f3n de los Agustinos de la Asunci\u00f3n\u201d due\u00f1os y sostenedores del <a class=\"read-more\" href=\"https:\/\/www.colegiohsa.cl\/?page_id=2563\">Continuar Leyendo&#8230;<\/a><\/p>\n","protected":false},"author":1,"featured_media":0,"parent":0,"menu_order":0,"comment_status":"closed","ping_status":"open","template":"","meta":{"spay_email":""},"_links":{"self":[{"href":"https:\/\/www.colegiohsa.cl\/index.php?rest_route=\/wp\/v2\/pages\/2563"}],"collection":[{"href":"https:\/\/www.colegiohsa.cl\/index.php?rest_route=\/wp\/v2\/pages"}],"about":[{"href":"https:\/\/www.colegiohsa.cl\/index.php?rest_route=\/wp\/v2\/types\/page"}],"author":[{"embeddable":true,"href":"https:\/\/www.colegiohsa.cl\/index.php?rest_route=\/wp\/v2\/users\/1"}],"replies":[{"embeddable":true,"href":"https:\/\/www.colegiohsa.cl\/index.php?rest_route=%2Fwp%2Fv2%2Fcomments&post=2563"}],"version-history":[{"count":8,"href":"https:\/\/www.colegiohsa.cl\/index.php?rest_route=\/wp\/v2\/pages\/2563\/revisions"}],"predecessor-version":[{"id":7742,"href":"https:\/\/www.colegiohsa.cl\/index.php?rest_route=\/wp\/v2\/pages\/2563\/revisions\/7742"}],"wp:attachment":[{"href":"https:\/\/www.colegiohsa.cl\/index.php?rest_route=%2Fwp%2Fv2%2Fmedia&parent=2563"}],"curies":[{"name":"wp","href":"https:\/\/api.w.org\/{rel}","templated":true}]}}