{"id":2290,"date":"2014-12-18T11:14:34","date_gmt":"2014-12-18T15:14:34","guid":{"rendered":"http:\/\/colegiohsa.cl\/?page_id=2290"},"modified":"2015-03-18T19:34:42","modified_gmt":"2015-03-18T23:34:42","slug":"educacion-tecnico-profesional","status":"publish","type":"page","link":"https:\/\/www.colegiohsa.cl\/?page_id=2290","title":{"rendered":"Ense\u00f1anza T\u00e9cnico Profesional"},"content":{"rendered":"<p><font size=3><\/p>\n<p align=\"justify\">\nLa Educaci\u00f3n T\u00e9cnica Profesional (ETP)\u00a0incluye todas aquellas\u00a0modalidades educativas que combinan el aprendizaje te\u00f3rico y pr\u00e1ctico, relevante para un campo\u00a0ocupacional espec\u00edfico y que son impartidas a los j\u00f3venes durante su permanencia en el sistema\u00a0educativo y antes de su ingreso al mercado laboral.<br \/>\nEl prop\u00f3sito principal de este tipo de educaci\u00f3n es promover transiciones exitosas de los j\u00f3venes\u00a0desde el sistema educativo hacia el mundo del trabajo. Para ello se enfoca principalmente en el\u00a0logro de aprendizajes que permitan a los personas ser adecuadamente productivas en\u00a0determinados sectores de la actividad econ\u00f3mica. Sin embargo, la ETP tambi\u00e9n debe desarrollar\u00a0otros aprendizajes que no son exclusivos de esta formaci\u00f3n y que tambi\u00e9n se aplican a otros tipos\u00a0de educaci\u00f3n, como son los aprendizajes relativos a matem\u00e1ticas y lenguaje, y aquellos que se\u00a0asocian al desarrollo de capacidades de trabajo en equipo, comunicaci\u00f3n efectiva, iniciativa,\u00a0entre otros.\n<\/p>\n<p align=\"justify\">\nNuestro colegio imparte dos carreras t\u00e9cnicas profesionales: Administraci\u00f3n y Atenci\u00f3n de p\u00e1rvulos. Las cuales inician la formaci\u00f3n de las alumnas desde 3\u00b0 medio con una duraci\u00f3n de dos a\u00f1os, obteniendo al cabo de este periodo un titulo profesional otorgado y reconocido por el Ministerio de Educaci\u00f3n.\n<\/p>\n<p align=\"justify\">\nA continuaci\u00f3n adjunto el manual de practica profesional estipulado por el MINEDUC\n<\/p>\n<p><a href=\"http:\/\/colegiohsa.cl\/wp-content\/uploads\/MANUAL-PRACTICA-PROFESIONAL.pdf\">MANUAL PRACTICA PROFESIONAL<\/a><br \/>\n<\/font><\/p>\n","protected":false},"excerpt":{"rendered":"<p>La Educaci\u00f3n T\u00e9cnica Profesional (ETP)\u00a0incluye todas aquellas\u00a0modalidades educativas que combinan el aprendizaje te\u00f3rico y pr\u00e1ctico, relevante para un campo\u00a0ocupacional espec\u00edfico y que son impartidas a los j\u00f3venes durante su permanencia en el sistema\u00a0educativo y antes de su ingreso al mercado laboral. El prop\u00f3sito principal de este tipo de educaci\u00f3n es promover transiciones exitosas de los <a class=\"read-more\" href=\"https:\/\/www.colegiohsa.cl\/?page_id=2290\">Continuar Leyendo&#8230;<\/a><\/p>\n","protected":false},"author":1,"featured_media":0,"parent":0,"menu_order":0,"comment_status":"closed","ping_status":"open","template":"","meta":{"spay_email":""},"_links":{"self":[{"href":"https:\/\/www.colegiohsa.cl\/index.php?rest_route=\/wp\/v2\/pages\/2290"}],"collection":[{"href":"https:\/\/www.colegiohsa.cl\/index.php?rest_route=\/wp\/v2\/pages"}],"about":[{"href":"https:\/\/www.colegiohsa.cl\/index.php?rest_route=\/wp\/v2\/types\/page"}],"author":[{"embeddable":true,"href":"https:\/\/www.colegiohsa.cl\/index.php?rest_route=\/wp\/v2\/users\/1"}],"replies":[{"embeddable":true,"href":"https:\/\/www.colegiohsa.cl\/index.php?rest_route=%2Fwp%2Fv2%2Fcomments&post=2290"}],"version-history":[{"count":7,"href":"https:\/\/www.colegiohsa.cl\/index.php?rest_route=\/wp\/v2\/pages\/2290\/revisions"}],"predecessor-version":[{"id":2887,"href":"https:\/\/www.colegiohsa.cl\/index.php?rest_route=\/wp\/v2\/pages\/2290\/revisions\/2887"}],"wp:attachment":[{"href":"https:\/\/www.colegiohsa.cl\/index.php?rest_route=%2Fwp%2Fv2%2Fmedia&parent=2290"}],"curies":[{"name":"wp","href":"https:\/\/api.w.org\/{rel}","templated":true}]}}