{"id":2109,"date":"2014-08-14T11:18:51","date_gmt":"2014-08-14T15:18:51","guid":{"rendered":"http:\/\/colegiohsa.cl\/?page_id=2109"},"modified":"2020-09-29T15:35:50","modified_gmt":"2020-09-29T19:35:50","slug":"niveles","status":"publish","type":"page","link":"https:\/\/www.colegiohsa.cl\/?page_id=2109","title":{"rendered":"Niveles"},"content":{"rendered":"<h3 style=\"text-align: center;\"><strong><em><span style=\"text-decoration: underline;\">HORARIO DE CLASES ONLINE 2020<\/span><\/em><\/strong><\/h3>\n<p>Estimada Alumnas,<\/p>\n<p>A continuaci\u00f3n podr\u00e1n revisar su horario de clases online, pinchando el link que corresponde a tu curso.<\/p>\n<p><strong>Ense\u00f1anza B\u00e1sica:<\/strong><\/p>\n<p>K\u00ednder\u00a0 \u00a0 \u00a0A \u2013 B\u00a0<a href=\"http:\/\/www.colegiohsa.cl\/?page_id=5728\">\u00a0http:\/\/www.colegiohsa.cl\/?page_id=5728<\/a><\/p>\n<p>1\u00b0 A \u2013 B\u00a0<a href=\"http:\/\/www.colegiohsa.cl\/?page_id=2942\">http:\/\/www.colegiohsa.cl\/?page_id=2942<\/a><\/p>\n<p>2\u00b0 A \u2013 B\u00a0<a style=\"font-style: inherit; font-weight: inherit;\" href=\"http:\/\/www.colegiohsa.cl\/?page_id=2945\">http:\/\/www.colegiohsa.cl\/?page_id=2945<\/a><\/p>\n<p>3\u00b0 A \u2013 B\u00a0<a style=\"font-style: inherit; font-weight: inherit;\" href=\"http:\/\/www.colegiohsa.cl\/?page_id=2948\">http:\/\/www.colegiohsa.cl\/?page_id=2948<\/a><\/p>\n<p>4\u00b0 A \u2013 B\u00a0<a style=\"font-style: inherit; font-weight: inherit;\" href=\"http:\/\/www.colegiohsa.cl\/?page_id=2952\">http:\/\/www.colegiohsa.cl\/?page_id=2952<\/a><\/p>\n<p>5\u00b0 A \u2013 B\u00a0<a style=\"font-style: inherit; font-weight: inherit;\" href=\"http:\/\/www.colegiohsa.cl\/?page_id=2955\">http:\/\/www.colegiohsa.cl\/?page_id=2955<\/a><\/p>\n<p>6\u00b0 A \u2013 B\u00a0<a style=\"font-style: inherit; font-weight: inherit;\" href=\"http:\/\/www.colegiohsa.cl\/?page_id=2958\">http:\/\/www.colegiohsa.cl\/?page_id=2958<\/a><\/p>\n<p>7\u00b0 A \u2013 B\u00a0<a style=\"font-style: inherit; font-weight: inherit;\" href=\"http:\/\/www.colegiohsa.cl\/?page_id=2961\">http:\/\/www.colegiohsa.cl\/?page_id=2961<\/a><\/p>\n<p>8\u00b0 A \u2013 B\u00a0<a style=\"font-style: inherit; font-weight: inherit;\" href=\"http:\/\/www.colegiohsa.cl\/?page_id=2964\">http:\/\/www.colegiohsa.cl\/?page_id=2964<\/a><\/p>\n<p>&nbsp;<\/p>\n<p><strong style=\"font-style: inherit;\">Ense\u00f1anza Media:<\/strong><\/p>\n<p>1\u00b0 A \u2013 B\u00a0<a style=\"font-style: inherit; font-weight: inherit;\" href=\"http:\/\/www.colegiohsa.cl\/?page_id=2967\">http:\/\/www.colegiohsa.cl\/?page_id=2967<\/a><\/p>\n<p>2\u00b0 A \u2013 B\u00a0<a style=\"font-style: inherit; font-weight: inherit;\" href=\"http:\/\/www.colegiohsa.cl\/?page_id=2970\">http:\/\/www.colegiohsa.cl\/?page_id=2970<\/a><\/p>\n<p>3\u00b0 A \u2013 B\u00a0<a style=\"font-style: inherit; font-weight: inherit;\" href=\"http:\/\/www.colegiohsa.cl\/?page_id=2973\">http:\/\/www.colegiohsa.cl\/?page_id=2973<\/a><\/p>\n<p>4\u00b0 A \u2013 B\u00a0<a style=\"font-style: inherit; font-weight: inherit;\" href=\"http:\/\/www.colegiohsa.cl\/?page_id=2976\">http:\/\/www.colegiohsa.cl\/?page_id=2976<\/a><\/p>\n<p>&nbsp;<\/p>\n<p>&nbsp;<\/p>\n<p>&nbsp;<\/p>\n<p>&nbsp;<\/p>\n<p>&nbsp;<\/p>\n<p>&nbsp;<\/p>\n<p>&nbsp;<\/p>\n<p>&nbsp;<\/p>\n<p>&nbsp;<\/p>\n<p>&nbsp;<\/p>\n<p>&nbsp;<\/p>\n<p>&nbsp;<\/p>\n<p>&nbsp;<\/p>\n<p>&nbsp;<\/p>\n<p>&nbsp;<\/p>\n<p>&nbsp;<\/p>\n<p>&nbsp;<\/p>\n<p>&nbsp;<\/p>\n","protected":false},"excerpt":{"rendered":"<p>HORARIO DE CLASES ONLINE 2020 Estimada Alumnas, A continuaci\u00f3n podr\u00e1n revisar su horario de clases online, pinchando el link que corresponde a tu curso. Ense\u00f1anza B\u00e1sica: K\u00ednder\u00a0 \u00a0 \u00a0A \u2013 B\u00a0\u00a0http:\/\/www.colegiohsa.cl\/?page_id=5728 1\u00b0 A \u2013 B\u00a0http:\/\/www.colegiohsa.cl\/?page_id=2942 2\u00b0 A \u2013 B\u00a0http:\/\/www.colegiohsa.cl\/?page_id=2945 3\u00b0 A \u2013 B\u00a0http:\/\/www.colegiohsa.cl\/?page_id=2948 4\u00b0 A \u2013 B\u00a0http:\/\/www.colegiohsa.cl\/?page_id=2952 5\u00b0 A \u2013 B\u00a0http:\/\/www.colegiohsa.cl\/?page_id=2955 6\u00b0 A \u2013 B\u00a0http:\/\/www.colegiohsa.cl\/?page_id=2958 <a class=\"read-more\" href=\"https:\/\/www.colegiohsa.cl\/?page_id=2109\">Continuar Leyendo&#8230;<\/a><\/p>\n","protected":false},"author":1,"featured_media":0,"parent":0,"menu_order":0,"comment_status":"closed","ping_status":"open","template":"","meta":{"spay_email":""},"_links":{"self":[{"href":"https:\/\/www.colegiohsa.cl\/index.php?rest_route=\/wp\/v2\/pages\/2109"}],"collection":[{"href":"https:\/\/www.colegiohsa.cl\/index.php?rest_route=\/wp\/v2\/pages"}],"about":[{"href":"https:\/\/www.colegiohsa.cl\/index.php?rest_route=\/wp\/v2\/types\/page"}],"author":[{"embeddable":true,"href":"https:\/\/www.colegiohsa.cl\/index.php?rest_route=\/wp\/v2\/users\/1"}],"replies":[{"embeddable":true,"href":"https:\/\/www.colegiohsa.cl\/index.php?rest_route=%2Fwp%2Fv2%2Fcomments&post=2109"}],"version-history":[{"count":6,"href":"https:\/\/www.colegiohsa.cl\/index.php?rest_route=\/wp\/v2\/pages\/2109\/revisions"}],"predecessor-version":[{"id":6771,"href":"https:\/\/www.colegiohsa.cl\/index.php?rest_route=\/wp\/v2\/pages\/2109\/revisions\/6771"}],"wp:attachment":[{"href":"https:\/\/www.colegiohsa.cl\/index.php?rest_route=%2Fwp%2Fv2%2Fmedia&parent=2109"}],"curies":[{"name":"wp","href":"https:\/\/api.w.org\/{rel}","templated":true}]}}